{"id":16,"date":"2014-07-15T11:38:23","date_gmt":"2014-07-15T09:38:23","guid":{"rendered":"http:\/\/leckerekekse.de\/wordpress\/?page_id=16"},"modified":"2025-03-27T11:30:31","modified_gmt":"2025-03-27T10:30:31","slug":"ueber-mich","status":"publish","type":"page","link":"https:\/\/leckerekekse.de\/wordpress\/ueber-mich\/","title":{"rendered":"\u00dcber uns"},"content":{"rendered":"<h2>FAQ \u2013 Frequently asked Questions<\/h2>\n<h3><b>WER STECKT HINTER LECKERE KEKSE?<\/b><\/h3>\n<p>Wir sind Astrid und Silvia. Beide leben wir mit 2 Kindern, Mann, ohne Hund, aber vielen B\u00fcchern zusammen. Silvia in K\u00f6ln und Astrid in Hamburg.<\/p>\n<div id=\"attachment_10492\" style=\"width: 650px\" class=\"wp-caption aligncenter\"><img loading=\"lazy\" decoding=\"async\" aria-describedby=\"caption-attachment-10492\" class=\"size-large wp-image-10492\" src=\"https:\/\/leckerekekse.de\/wordpress\/wp-content\/uploads\/2014\/07\/Silvia-Astrid-7-640x427.jpg\" alt=\"\" width=\"640\" height=\"427\" srcset=\"https:\/\/leckerekekse.de\/wordpress\/wp-content\/uploads\/2014\/07\/Silvia-Astrid-7.jpg 640w, https:\/\/leckerekekse.de\/wordpress\/wp-content\/uploads\/2014\/07\/Silvia-Astrid-7-300x200.jpg 300w\" sizes=\"auto, (max-width: 640px) 100vw, 640px\" \/><p id=\"caption-attachment-10492\" class=\"wp-caption-text\">Astrid (links) und Silvia (rechts)<\/p><\/div>\n<h3><b>Was sind unsere Themen?<\/b><\/h3>\n<ul>\n<li>klassische Rezensionen<\/li>\n<li>Kurzrezensionen<\/li>\n<li>Sachbuchrezensionen<\/li>\n<li>Keksrezepte<\/li>\n<li>Krimi-Check<\/li>\n<li>Neuerscheinungen (monatlich)<\/li>\n<li>Buchempfehlungen (z. B. f\u00fcr Weihnachten, Sylt)<\/li>\n<li>2 Blogger \u2013 ein Buch<\/li>\n<li>Berichte von Buchmessen, Lesungen etc.<\/li>\n<li>Blogtouren<\/li>\n<\/ul>\n<h3><b>Unser Blogname<\/b><\/h3>\n<p>Warum eigentlich Leckere Kekse? Weil wir schon seit \u00fcber 20 Jahren zusammen Kekse backen und wir alle Rezepte auf der Website <a href=\"http:\/\/leckerekekse.de\">LeckereKekse.de<\/a> gesammelt haben. Und da diese Domain schon existierte haben wir sie f\u00fcr den Blog einfach \u00fcbernommen.<\/p>\n<p><a title=\"Adventskalender, Backevent und erstes Rezept\" href=\"https:\/\/leckerekekse.de\/wordpress\/adventskalender-backevent-und-erstes-rezept\/\" target=\"_blank\" rel=\"noopener noreferrer\">Unser j\u00e4hrliches Backevent in K\u00f6ln<\/a><\/p>\n<h3>Wer steckt hinter Instagram, Twitter &amp; Co.?<\/h3>\n<p>Silvia textet auf Facebook und Twitter, Astrid tobt sich auf Instagram aus und versucht sich an Pinterest.<\/p>\n<h3>Wie lange bloggen wir schon?<\/h3>\n<p>Angefangen im Juli 2014 ging der erste Beitrag online. 2-3 mal w\u00f6chentlich k\u00f6nnt ihr was Neues von uns lesen.<\/p>\n<h3>Wie schafft ihr es \u00fcber die Entfernung Hamburg &#8211; K\u00f6ln zu bloggen?<\/h3>\n<p>Gute Organisation, viele E-Mails und lange Telefonate.<\/p>\n<h3>Was machen wir, wenn wir nicht bloggen?<\/h3>\n<p>Indoor-Cycling, Yoga, Handlettering, Tee trinken, Schokolade essen, besuchen Lesekreise, Lesungen und Klavierkonzerte, backen Kekse, Reisen (Astrid ans Meer mit Fotoapparat, Silvia in die Berge zum Reiten)<\/p>\n<h3>Uns sonst so?<\/h3>\n<p>Silvia besitzt das sch\u00f6nste B\u00fccherregal der Welt, vorbildlich nach Alphabet sortiert, das von Astrid nat\u00fcrlich nach Farben. Silvia hat massenhaft B\u00fccher auf ihrem SUB (Stapel ungelesener B\u00fccher) liegen, Astrid h\u00f6chstens 2 oder 3.<\/p>\n<h3>Wie k\u00f6nnt ihr uns erreichen?<\/h3>\n<p>silvia(at)leckerekekse.de<\/p>\n<p>astrid(at)leckerekekse.de<\/p>\n<p>Wir freuen uns auf\u00a0Eure Kommentare und Anmerkungen.<\/p>\n<h3><img loading=\"lazy\" decoding=\"async\" class=\"aligncenter wp-image-6979\" src=\"https:\/\/leckerekekse.de\/wordpress\/wp-content\/uploads\/2016\/09\/Signatur-Astrid-Silvia.png\" alt=\"\" width=\"430\" height=\"215\" srcset=\"https:\/\/leckerekekse.de\/wordpress\/wp-content\/uploads\/2016\/09\/Signatur-Astrid-Silvia.png 566w, https:\/\/leckerekekse.de\/wordpress\/wp-content\/uploads\/2016\/09\/Signatur-Astrid-Silvia-300x150.png 300w\" sizes=\"auto, (max-width: 430px) 100vw, 430px\" \/>Noch viel mehr \u00fcber uns<\/h3>\n<p style=\"text-align: left;\">leckere Kekse in der Presse<\/p>\n<p style=\"text-align: left;\">Interview im K\u00f6lner Stadt Anzeiger<br \/>\n<a href=\"https:\/\/leckerekekse.de\/wordpress\/blogfragen-fuer-buchblogger-15-fragen\/\" target=\"_blank\" rel=\"noopener noreferrer\">15 Fragen \u00fcber uns als Buchblogger<\/a><br \/>\n<span style=\"color: #000000;\"><a style=\"color: #000000;\" title=\"Gipfeltreffen in K\u00f6ln\" href=\"https:\/\/leckerekekse.de\/wordpress\/gipfeltreffen-koeln\/\" target=\"_blank\" rel=\"noopener noreferrer\">Gipfeltreffen in K\u00f6ln (der LeckereKekse-Blog feiert Karneval)<\/a><br \/>\n<\/span><span style=\"color: #000000;\"><a style=\"color: #000000;\" title=\"Ein Jahr ist zu Ende, ein Neues beginnt\" href=\"https:\/\/leckerekekse.de\/wordpress\/ein-jahr-ist-zu-ende-ein-neues-beginnt\/\" target=\"_blank\" rel=\"noopener noreferrer\">Silvias Lesejahr 2014<\/a><\/span><\/p>\n<p><img loading=\"lazy\" decoding=\"async\" class=\"aligncenter size-large wp-image-10493\" src=\"https:\/\/leckerekekse.de\/wordpress\/wp-content\/uploads\/2014\/07\/Silvia-Astrid-1-3-640x402.jpg\" alt=\"\" width=\"640\" height=\"402\" srcset=\"https:\/\/leckerekekse.de\/wordpress\/wp-content\/uploads\/2014\/07\/Silvia-Astrid-1-3.jpg 640w, https:\/\/leckerekekse.de\/wordpress\/wp-content\/uploads\/2014\/07\/Silvia-Astrid-1-3-300x188.jpg 300w\" sizes=\"auto, (max-width: 640px) 100vw, 640px\" \/><\/p>\n<p><span style=\"border-top-left-radius: 2px; border-top-right-radius: 2px; border-bottom-right-radius: 2px; border-bottom-left-radius: 2px; text-indent: 20px; width: auto; padding: 0px 4px 0px 0px; text-align: center; font-style: normal; font-variant-caps: normal; font-weight: bold; font-stretch: normal; font-size: 11px; line-height: 20px; font-family: 'Helvetica Neue', Helvetica, sans-serif; color: #ffffff; background-image: url(data:image\/svg+xml; base64,phn2zyb4bwxucz0iahr0cdovl3d3dy53my5vcmcvmjawmc9zdmciighlawdodd0imzbwecigd2lkdgg9ijmwchgiihzpzxdcb3g9ii0xic0xidmxidmxij48zz48cgf0acbkpsjnmjkundq5lde0ljy2mibdmjkundq5ldiyljcymiaymi44njgsmjkumju2ide0ljc1ldi5lji1nibdni42mzismjkumju2idaumduxldiyljcymiawlja1mswxnc42njigqzaumduxldyunjaxidyunjmyldaumdy3ide0ljc1ldaumdy3iemymi44njgsmc4wnjcgmjkundq5ldyunjaxidi5ljq0oswxnc42njiiigzpbgw9iinmzmyiihn0cm9rzt0ii2zmziigc3ryb2tllxdpzhropsixij48l3bhdgg+phbhdgggzd0itte0ljczmywxljy4nibdny41mtysms42odygms42njusny40otugms42njusmtqunjyyiemxljy2nswymc4xntkgns4xmdksmjquodu0idkuotcsmjyunzq0iem5ljg1niwyns43mtggos43ntmsmjqumtqzidewljaxniwymy4wmjigqzewlji1mywymi4wmsaxms41ndgsmtyuntcyidexlju0ocwxni41nzigqzexlju0ocwxni41nzigmteumtu3lde1ljc5nsaxms4xntcsmtqunjq2iemxms4xntcsmtiuodqyideyljixmswxms40otugmtmuntiyldexljq5nsbdmtqunjm3ldexljq5nsaxns4xnzusmtiumzi2ide1lje3nswxmy4zmjmgqze1lje3nswxnc40mzygmtqundyylde2ljegmtqumdkzlde3ljy0mybdmtmunzg1lde4ljkznsaxnc43ndusmtkuotg4ide2ljayocwxos45odggqze4ljm1mswxos45odggmjaumtm2lde3lju1niaymc4xmzysmtqumdq2iemymc4xmzysmtauotm5ide3ljg4ocw4ljc2nyaxnc42nzgsoc43njcgqzewljk1osw4ljc2nya4ljc3nywxms41mzygoc43nzcsmtqumzk4iem4ljc3nywxns41mtmgos4ymswxni43mdkgos43ndksmtcumzu5iem5ljg1niwxny40odggos44nzismtcunia5ljg0lde3ljczmsbdos43ndesmtgumtqxidkuntismtkumdizidkundc3lde5ljiwmybdos40miwxos40nca5lji4ocwxos40otegos4wncwxos4znzygqzcunda4lde4ljyymia2ljm4nywxni4yntigni4zodcsmtqumzq5iem2ljm4nywxmc4yntygos4zodmsni40otcgmtuumdiyldyundk3iemxos41ntusni40otcgmjmumdc4ldkunza1idizlja3ocwxmy45otegqzizlja3ocwxoc40njmgmjaumjm5ldiylja2miaxni4yotcsmjiumdyyiemxnc45nzmsmjiumdyyidezljcyocwyms4znzkgmtmumzayldiwlju3mibdmtmumzayldiwlju3miaxmi42ndcsmjmumdugmtiundg4ldizljy1nybdmtiumtkzldi0ljc4ncaxms4zotysmjyumtk2idewljg2mywyny4wntggqzeylja4niwyny40mzqgmtmumzg2ldi3ljyznyaxnc43mzmsmjcunjm3iemyms45nswyny42mzcgmjcuodaxldixljgyocayny44mdesmtqunjyyiemyny44mdesny40otugmjeuotusms42odygmtqunzmzldeunjg2iibmawxspsijymqwodfjij48l3bhdgg+pc9npjwvc3znpg==); background-size: 14px 14px; background-color: #bd081c; position: absolute; opacity: 1; z-index: 8675309; display: none; cursor: pointer; border: none; -webkit-font-smoothing: antialiased; top: 211px; left: 163px; background-position: 3px 50%; background-repeat: no-repeat no-repeat;\">Merken<\/span><span style=\"border-top-left-radius: 2px; border-top-right-radius: 2px; border-bottom-right-radius: 2px; border-bottom-left-radius: 2px; text-indent: 20px; width: auto; padding: 0px 4px 0px 0px; text-align: center; font-style: normal; font-variant-caps: normal; font-weight: bold; font-stretch: normal; font-size: 11px; line-height: 20px; font-family: 'Helvetica Neue', Helvetica, sans-serif; color: #ffffff; background-image: url(data:image\/svg+xml; base64,phn2zyb4bwxucz0iahr0cdovl3d3dy53my5vcmcvmjawmc9zdmciighlawdodd0imzbwecigd2lkdgg9ijmwchgiihzpzxdcb3g9ii0xic0xidmxidmxij48zz48cgf0acbkpsjnmjkundq5lde0ljy2mibdmjkundq5ldiyljcymiaymi44njgsmjkumju2ide0ljc1ldi5lji1nibdni42mzismjkumju2idaumduxldiyljcymiawlja1mswxnc42njigqzaumduxldyunjaxidyunjmyldaumdy3ide0ljc1ldaumdy3iemymi44njgsmc4wnjcgmjkundq5ldyunjaxidi5ljq0oswxnc42njiiigzpbgw9iinmzmyiihn0cm9rzt0ii2zmziigc3ryb2tllxdpzhropsixij48l3bhdgg+phbhdgggzd0itte0ljczmywxljy4nibdny41mtysms42odygms42njusny40otugms42njusmtqunjyyiemxljy2nswymc4xntkgns4xmdksmjquodu0idkuotcsmjyunzq0iem5ljg1niwyns43mtggos43ntmsmjqumtqzidewljaxniwymy4wmjigqzewlji1mywymi4wmsaxms41ndgsmtyuntcyidexlju0ocwxni41nzigqzexlju0ocwxni41nzigmteumtu3lde1ljc5nsaxms4xntcsmtqunjq2iemxms4xntcsmtiuodqyideyljixmswxms40otugmtmuntiyldexljq5nsbdmtqunjm3ldexljq5nsaxns4xnzusmtiumzi2ide1lje3nswxmy4zmjmgqze1lje3nswxnc40mzygmtqundyylde2ljegmtqumdkzlde3ljy0mybdmtmunzg1lde4ljkznsaxnc43ndusmtkuotg4ide2ljayocwxos45odggqze4ljm1mswxos45odggmjaumtm2lde3lju1niaymc4xmzysmtqumdq2iemymc4xmzysmtauotm5ide3ljg4ocw4ljc2nyaxnc42nzgsoc43njcgqzewljk1osw4ljc2nya4ljc3nywxms41mzygoc43nzcsmtqumzk4iem4ljc3nywxns41mtmgos4ymswxni43mdkgos43ndksmtcumzu5iem5ljg1niwxny40odggos44nzismtcunia5ljg0lde3ljczmsbdos43ndesmtgumtqxidkuntismtkumdizidkundc3lde5ljiwmybdos40miwxos40nca5lji4ocwxos40otegos4wncwxos4znzygqzcunda4lde4ljyymia2ljm4nywxni4yntigni4zodcsmtqumzq5iem2ljm4nywxmc4yntygos4zodmsni40otcgmtuumdiyldyundk3iemxos41ntusni40otcgmjmumdc4ldkunza1idizlja3ocwxmy45otegqzizlja3ocwxoc40njmgmjaumjm5ldiylja2miaxni4yotcsmjiumdyyiemxnc45nzmsmjiumdyyidezljcyocwyms4znzkgmtmumzayldiwlju3mibdmtmumzayldiwlju3miaxmi42ndcsmjmumdugmtiundg4ldizljy1nybdmtiumtkzldi0ljc4ncaxms4zotysmjyumtk2idewljg2mywyny4wntggqzeylja4niwyny40mzqgmtmumzg2ldi3ljyznyaxnc43mzmsmjcunjm3iemyms45nswyny42mzcgmjcuodaxldixljgyocayny44mdesmtqunjyyiemyny44mdesny40otugmjeuotusms42odygmtqunzmzldeunjg2iibmawxspsijymqwodfjij48l3bhdgg+pc9npjwvc3znpg==); background-size: 14px 14px; background-color: #bd081c; position: absolute; opacity: 1; z-index: 8675309; display: none; cursor: pointer; border: none; -webkit-font-smoothing: antialiased; top: 211px; left: 163px; background-position: 3px 50%; background-repeat: no-repeat no-repeat;\">Merken<\/span><\/p>\n","protected":false},"excerpt":{"rendered":"<p>FAQ \u2013 Frequently asked Questions WER STECKT HINTER LECKERE KEKSE? Wir sind Astrid und Silvia. Beide leben wir mit 2 Kindern, Mann, ohne Hund, aber vielen B\u00fcchern zusammen. Silvia in K\u00f6ln und Astrid in Hamburg. Was sind unsere Themen? klassische Rezensionen Kurzrezensionen Sachbuchrezensionen Keksrezepte Krimi-Check Neuerscheinungen (monatlich) Buchempfehlungen (z. B. f\u00fcr Weihnachten, Sylt) 2 Blogger [&hellip;]<\/p>\n","protected":false},"author":1,"featured_media":0,"parent":0,"menu_order":0,"comment_status":"open","ping_status":"open","template":"","meta":{"footnotes":""},"class_list":["post-16","page","type-page","status-publish","hentry"],"yoast_head":"<!-- This site is optimized with the Yoast SEO plugin v27.3 - https:\/\/yoast.com\/product\/yoast-seo-wordpress\/ -->\n<title>Die Autoren vom Blog LeckereKekse: Silvia und Astrid<\/title>\n<meta name=\"description\" content=\"Auf unserem Blog gibt es leckere Kekse, lesenswerte B\u00fccher, interessante Lesungen und Veranstaltungen. Und manches andere aus unserem Leben.\" \/>\n<meta name=\"robots\" content=\"index, follow, max-snippet:-1, max-image-preview:large, max-video-preview:-1\" \/>\n<link rel=\"canonical\" href=\"https:\/\/leckerekekse.de\/wordpress\/ueber-mich\/\" \/>\n<meta property=\"og:locale\" content=\"de_DE\" \/>\n<meta property=\"og:type\" content=\"article\" \/>\n<meta property=\"og:title\" content=\"Die Autoren vom Blog LeckereKekse: Silvia und Astrid\" \/>\n<meta property=\"og:description\" content=\"Auf unserem Blog gibt es leckere Kekse, lesenswerte B\u00fccher, interessante Lesungen und Veranstaltungen. Und manches andere aus unserem Leben.\" \/>\n<meta property=\"og:url\" content=\"https:\/\/leckerekekse.de\/wordpress\/ueber-mich\/\" \/>\n<meta property=\"og:site_name\" content=\"Leckere Kekse &amp; mehr\" \/>\n<meta property=\"article:modified_time\" content=\"2025-03-27T10:30:31+00:00\" \/>\n<meta property=\"og:image\" content=\"https:\/\/leckerekekse.de\/wordpress\/wp-content\/uploads\/2014\/07\/Silvia-Astrid-7.jpg\" \/>\n\t<meta property=\"og:image:width\" content=\"640\" \/>\n\t<meta property=\"og:image:height\" content=\"427\" \/>\n\t<meta property=\"og:image:type\" content=\"image\/jpeg\" \/>\n<meta name=\"twitter:label1\" content=\"Gesch\u00e4tzte Lesezeit\" \/>\n\t<meta name=\"twitter:data1\" content=\"2\u00a0Minuten\" \/>\n<script type=\"application\/ld+json\" class=\"yoast-schema-graph\">{\"@context\":\"https:\\\/\\\/schema.org\",\"@graph\":[{\"@type\":\"WebPage\",\"@id\":\"https:\\\/\\\/leckerekekse.de\\\/wordpress\\\/ueber-mich\\\/\",\"url\":\"https:\\\/\\\/leckerekekse.de\\\/wordpress\\\/ueber-mich\\\/\",\"name\":\"Die Autoren vom Blog LeckereKekse: Silvia und Astrid\",\"isPartOf\":{\"@id\":\"https:\\\/\\\/leckerekekse.de\\\/wordpress\\\/#website\"},\"primaryImageOfPage\":{\"@id\":\"https:\\\/\\\/leckerekekse.de\\\/wordpress\\\/ueber-mich\\\/#primaryimage\"},\"image\":{\"@id\":\"https:\\\/\\\/leckerekekse.de\\\/wordpress\\\/ueber-mich\\\/#primaryimage\"},\"thumbnailUrl\":\"https:\\\/\\\/leckerekekse.de\\\/wordpress\\\/wp-content\\\/uploads\\\/2014\\\/07\\\/Silvia-Astrid-7-640x427.jpg\",\"datePublished\":\"2014-07-15T09:38:23+00:00\",\"dateModified\":\"2025-03-27T10:30:31+00:00\",\"description\":\"Auf unserem Blog gibt es leckere Kekse, lesenswerte B\u00fccher, interessante Lesungen und Veranstaltungen. Und manches andere aus unserem Leben.\",\"breadcrumb\":{\"@id\":\"https:\\\/\\\/leckerekekse.de\\\/wordpress\\\/ueber-mich\\\/#breadcrumb\"},\"inLanguage\":\"de\",\"potentialAction\":[{\"@type\":\"ReadAction\",\"target\":[\"https:\\\/\\\/leckerekekse.de\\\/wordpress\\\/ueber-mich\\\/\"]}]},{\"@type\":\"ImageObject\",\"inLanguage\":\"de\",\"@id\":\"https:\\\/\\\/leckerekekse.de\\\/wordpress\\\/ueber-mich\\\/#primaryimage\",\"url\":\"https:\\\/\\\/leckerekekse.de\\\/wordpress\\\/wp-content\\\/uploads\\\/2014\\\/07\\\/Silvia-Astrid-7.jpg\",\"contentUrl\":\"https:\\\/\\\/leckerekekse.de\\\/wordpress\\\/wp-content\\\/uploads\\\/2014\\\/07\\\/Silvia-Astrid-7.jpg\",\"width\":640,\"height\":427,\"caption\":\"Astrid (links) und Silvia (rechts)\"},{\"@type\":\"BreadcrumbList\",\"@id\":\"https:\\\/\\\/leckerekekse.de\\\/wordpress\\\/ueber-mich\\\/#breadcrumb\",\"itemListElement\":[{\"@type\":\"ListItem\",\"position\":1,\"name\":\"Home\",\"item\":\"https:\\\/\\\/leckerekekse.de\\\/wordpress\\\/\"},{\"@type\":\"ListItem\",\"position\":2,\"name\":\"\u00dcber uns\"}]},{\"@type\":\"WebSite\",\"@id\":\"https:\\\/\\\/leckerekekse.de\\\/wordpress\\\/#website\",\"url\":\"https:\\\/\\\/leckerekekse.de\\\/wordpress\\\/\",\"name\":\"Leckere Kekse &amp; mehr\",\"description\":\"Kekse backen, B\u00fccher lesen und mehr\",\"publisher\":{\"@id\":\"https:\\\/\\\/leckerekekse.de\\\/wordpress\\\/#\\\/schema\\\/person\\\/6af440c9d4862749d61de24af8c492f0\"},\"potentialAction\":[{\"@type\":\"SearchAction\",\"target\":{\"@type\":\"EntryPoint\",\"urlTemplate\":\"https:\\\/\\\/leckerekekse.de\\\/wordpress\\\/?s={search_term_string}\"},\"query-input\":{\"@type\":\"PropertyValueSpecification\",\"valueRequired\":true,\"valueName\":\"search_term_string\"}}],\"inLanguage\":\"de\"},{\"@type\":[\"Person\",\"Organization\"],\"@id\":\"https:\\\/\\\/leckerekekse.de\\\/wordpress\\\/#\\\/schema\\\/person\\\/6af440c9d4862749d61de24af8c492f0\",\"name\":\"Astrid\",\"logo\":{\"@id\":\"https:\\\/\\\/leckerekekse.de\\\/wordpress\\\/#\\\/schema\\\/person\\\/image\\\/\"},\"sameAs\":[\"https:\\\/\\\/leckerekekse.de\\\/wordpress\"]}]}<\/script>\n<!-- \/ Yoast SEO plugin. -->","yoast_head_json":{"title":"Die Autoren vom Blog LeckereKekse: Silvia und Astrid","description":"Auf unserem Blog gibt es leckere Kekse, lesenswerte B\u00fccher, interessante Lesungen und Veranstaltungen. Und manches andere aus unserem Leben.","robots":{"index":"index","follow":"follow","max-snippet":"max-snippet:-1","max-image-preview":"max-image-preview:large","max-video-preview":"max-video-preview:-1"},"canonical":"https:\/\/leckerekekse.de\/wordpress\/ueber-mich\/","og_locale":"de_DE","og_type":"article","og_title":"Die Autoren vom Blog LeckereKekse: Silvia und Astrid","og_description":"Auf unserem Blog gibt es leckere Kekse, lesenswerte B\u00fccher, interessante Lesungen und Veranstaltungen. Und manches andere aus unserem Leben.","og_url":"https:\/\/leckerekekse.de\/wordpress\/ueber-mich\/","og_site_name":"Leckere Kekse &amp; mehr","article_modified_time":"2025-03-27T10:30:31+00:00","og_image":[{"width":640,"height":427,"url":"https:\/\/leckerekekse.de\/wordpress\/wp-content\/uploads\/2014\/07\/Silvia-Astrid-7.jpg","type":"image\/jpeg"}],"twitter_misc":{"Gesch\u00e4tzte Lesezeit":"2\u00a0Minuten"},"schema":{"@context":"https:\/\/schema.org","@graph":[{"@type":"WebPage","@id":"https:\/\/leckerekekse.de\/wordpress\/ueber-mich\/","url":"https:\/\/leckerekekse.de\/wordpress\/ueber-mich\/","name":"Die Autoren vom Blog LeckereKekse: Silvia und Astrid","isPartOf":{"@id":"https:\/\/leckerekekse.de\/wordpress\/#website"},"primaryImageOfPage":{"@id":"https:\/\/leckerekekse.de\/wordpress\/ueber-mich\/#primaryimage"},"image":{"@id":"https:\/\/leckerekekse.de\/wordpress\/ueber-mich\/#primaryimage"},"thumbnailUrl":"https:\/\/leckerekekse.de\/wordpress\/wp-content\/uploads\/2014\/07\/Silvia-Astrid-7-640x427.jpg","datePublished":"2014-07-15T09:38:23+00:00","dateModified":"2025-03-27T10:30:31+00:00","description":"Auf unserem Blog gibt es leckere Kekse, lesenswerte B\u00fccher, interessante Lesungen und Veranstaltungen. Und manches andere aus unserem Leben.","breadcrumb":{"@id":"https:\/\/leckerekekse.de\/wordpress\/ueber-mich\/#breadcrumb"},"inLanguage":"de","potentialAction":[{"@type":"ReadAction","target":["https:\/\/leckerekekse.de\/wordpress\/ueber-mich\/"]}]},{"@type":"ImageObject","inLanguage":"de","@id":"https:\/\/leckerekekse.de\/wordpress\/ueber-mich\/#primaryimage","url":"https:\/\/leckerekekse.de\/wordpress\/wp-content\/uploads\/2014\/07\/Silvia-Astrid-7.jpg","contentUrl":"https:\/\/leckerekekse.de\/wordpress\/wp-content\/uploads\/2014\/07\/Silvia-Astrid-7.jpg","width":640,"height":427,"caption":"Astrid (links) und Silvia (rechts)"},{"@type":"BreadcrumbList","@id":"https:\/\/leckerekekse.de\/wordpress\/ueber-mich\/#breadcrumb","itemListElement":[{"@type":"ListItem","position":1,"name":"Home","item":"https:\/\/leckerekekse.de\/wordpress\/"},{"@type":"ListItem","position":2,"name":"\u00dcber uns"}]},{"@type":"WebSite","@id":"https:\/\/leckerekekse.de\/wordpress\/#website","url":"https:\/\/leckerekekse.de\/wordpress\/","name":"Leckere Kekse &amp; mehr","description":"Kekse backen, B\u00fccher lesen und mehr","publisher":{"@id":"https:\/\/leckerekekse.de\/wordpress\/#\/schema\/person\/6af440c9d4862749d61de24af8c492f0"},"potentialAction":[{"@type":"SearchAction","target":{"@type":"EntryPoint","urlTemplate":"https:\/\/leckerekekse.de\/wordpress\/?s={search_term_string}"},"query-input":{"@type":"PropertyValueSpecification","valueRequired":true,"valueName":"search_term_string"}}],"inLanguage":"de"},{"@type":["Person","Organization"],"@id":"https:\/\/leckerekekse.de\/wordpress\/#\/schema\/person\/6af440c9d4862749d61de24af8c492f0","name":"Astrid","logo":{"@id":"https:\/\/leckerekekse.de\/wordpress\/#\/schema\/person\/image\/"},"sameAs":["https:\/\/leckerekekse.de\/wordpress"]}]}},"_links":{"self":[{"href":"https:\/\/leckerekekse.de\/wordpress\/wp-json\/wp\/v2\/pages\/16","targetHints":{"allow":["GET"]}}],"collection":[{"href":"https:\/\/leckerekekse.de\/wordpress\/wp-json\/wp\/v2\/pages"}],"about":[{"href":"https:\/\/leckerekekse.de\/wordpress\/wp-json\/wp\/v2\/types\/page"}],"author":[{"embeddable":true,"href":"https:\/\/leckerekekse.de\/wordpress\/wp-json\/wp\/v2\/users\/1"}],"replies":[{"embeddable":true,"href":"https:\/\/leckerekekse.de\/wordpress\/wp-json\/wp\/v2\/comments?post=16"}],"version-history":[{"count":4,"href":"https:\/\/leckerekekse.de\/wordpress\/wp-json\/wp\/v2\/pages\/16\/revisions"}],"predecessor-version":[{"id":18412,"href":"https:\/\/leckerekekse.de\/wordpress\/wp-json\/wp\/v2\/pages\/16\/revisions\/18412"}],"wp:attachment":[{"href":"https:\/\/leckerekekse.de\/wordpress\/wp-json\/wp\/v2\/media?parent=16"}],"curies":[{"name":"wp","href":"https:\/\/api.w.org\/{rel}","templated":true}]}}