{"id":5391,"date":"2017-02-02T17:02:45","date_gmt":"2017-02-02T16:02:45","guid":{"rendered":"http:\/\/leckerekekse.de\/wordpress\/?page_id=5391"},"modified":"2021-03-27T16:36:47","modified_gmt":"2021-03-27T15:36:47","slug":"aktionen","status":"publish","type":"page","link":"https:\/\/leckerekekse.de\/wordpress\/aktionen\/","title":{"rendered":"Aktionen"},"content":{"rendered":"<h2>Aktionen an denen wir teilgenommen haben<\/h2>\n<h2>Blogparaden<\/h2>\n<blockquote class=\"wp-embedded-content\" data-secret=\"VfrscsSXvm\"><p><a href=\"https:\/\/leckerekekse.de\/wordpress\/die-buchsaiten-blogparade-2017\/\">Die 9. Buchsaiten-Blogparade<\/a><\/p><\/blockquote>\n<p><iframe loading=\"lazy\" class=\"wp-embedded-content\" sandbox=\"allow-scripts\" security=\"restricted\" style=\"position: absolute; clip: rect(1px, 1px, 1px, 1px);\" src=\"https:\/\/leckerekekse.de\/wordpress\/die-buchsaiten-blogparade-2017\/embed\/#?secret=VfrscsSXvm\" data-secret=\"VfrscsSXvm\" width=\"600\" height=\"338\" title=\"&#8222;Die 9. Buchsaiten-Blogparade&#8220; &#8212; Leckere Kekse &amp; mehr\" frameborder=\"0\" marginwidth=\"0\" marginheight=\"0\" scrolling=\"no\"><\/iframe><\/p>\n<p>&nbsp;<\/p>\n<blockquote class=\"wp-embedded-content\" data-secret=\"F2BHdZk1rr\"><p><a href=\"https:\/\/leckerekekse.de\/wordpress\/aktion-meine-lieblingsbuchhandlung\/\">Aktion: Meine Lieblingsbuchhandlung<\/a><\/p><\/blockquote>\n<p><iframe loading=\"lazy\" class=\"wp-embedded-content\" sandbox=\"allow-scripts\" security=\"restricted\" style=\"position: absolute; clip: rect(1px, 1px, 1px, 1px);\" src=\"https:\/\/leckerekekse.de\/wordpress\/aktion-meine-lieblingsbuchhandlung\/embed\/#?secret=F2BHdZk1rr\" data-secret=\"F2BHdZk1rr\" width=\"600\" height=\"338\" title=\"&#8222;Aktion: Meine Lieblingsbuchhandlung&#8220; &#8212; Leckere Kekse &amp; mehr\" frameborder=\"0\" marginwidth=\"0\" marginheight=\"0\" scrolling=\"no\"><\/iframe><\/p>\n<blockquote class=\"wp-embedded-content\" data-secret=\"5HH9EV3u3c\"><p><a href=\"https:\/\/leckerekekse.de\/wordpress\/blogtour-bella-italia\/\">Blogtour Bella Italia<\/a><\/p><\/blockquote>\n<p><iframe loading=\"lazy\" class=\"wp-embedded-content\" sandbox=\"allow-scripts\" security=\"restricted\" style=\"position: absolute; clip: rect(1px, 1px, 1px, 1px);\" src=\"https:\/\/leckerekekse.de\/wordpress\/blogtour-bella-italia\/embed\/#?secret=5HH9EV3u3c\" data-secret=\"5HH9EV3u3c\" width=\"600\" height=\"338\" title=\"&#8222;Blogtour Bella Italia&#8220; &#8212; Leckere Kekse &amp; mehr\" frameborder=\"0\" marginwidth=\"0\" marginheight=\"0\" scrolling=\"no\"><\/iframe><\/p>\n<blockquote class=\"wp-embedded-content\" data-secret=\"yKQ0qh8ze8\"><p><a href=\"https:\/\/leckerekekse.de\/wordpress\/erste-blogparade-auf-dem-leckerekekse-blog\/\">Erste Blogparade auf dem Leckerekekse-Blog<\/a><\/p><\/blockquote>\n<p><iframe loading=\"lazy\" class=\"wp-embedded-content\" sandbox=\"allow-scripts\" security=\"restricted\" style=\"position: absolute; clip: rect(1px, 1px, 1px, 1px);\" src=\"https:\/\/leckerekekse.de\/wordpress\/erste-blogparade-auf-dem-leckerekekse-blog\/embed\/#?secret=yKQ0qh8ze8\" data-secret=\"yKQ0qh8ze8\" width=\"600\" height=\"338\" title=\"&#8222;Erste Blogparade auf dem Leckerekekse-Blog&#8220; &#8212; Leckere Kekse &amp; mehr\" frameborder=\"0\" marginwidth=\"0\" marginheight=\"0\" scrolling=\"no\"><\/iframe><\/p>\n<blockquote class=\"wp-embedded-content\" data-secret=\"0vwV5t11Gi\"><p><a href=\"https:\/\/leckerekekse.de\/wordpress\/toertchen-on-tour\/\">T\u00f6rtchen on Tour<\/a><\/p><\/blockquote>\n<p><iframe loading=\"lazy\" class=\"wp-embedded-content\" sandbox=\"allow-scripts\" security=\"restricted\" style=\"position: absolute; clip: rect(1px, 1px, 1px, 1px);\" src=\"https:\/\/leckerekekse.de\/wordpress\/toertchen-on-tour\/embed\/#?secret=0vwV5t11Gi\" data-secret=\"0vwV5t11Gi\" width=\"600\" height=\"338\" title=\"&#8222;T\u00f6rtchen on Tour&#8220; &#8212; Leckere Kekse &amp; mehr\" frameborder=\"0\" marginwidth=\"0\" marginheight=\"0\" scrolling=\"no\"><\/iframe><\/p>\n<p>&nbsp;<\/p>\n<blockquote class=\"wp-embedded-content\" data-secret=\"tiPRgOvuk4\"><p><a href=\"https:\/\/leckerekekse.de\/wordpress\/blogparade-astrid-lindgren\/\">Blogparade: Astrid Lindgren<\/a><\/p><\/blockquote>\n<p><iframe loading=\"lazy\" class=\"wp-embedded-content\" sandbox=\"allow-scripts\" security=\"restricted\" style=\"position: absolute; clip: rect(1px, 1px, 1px, 1px);\" src=\"https:\/\/leckerekekse.de\/wordpress\/blogparade-astrid-lindgren\/embed\/#?secret=tiPRgOvuk4\" data-secret=\"tiPRgOvuk4\" width=\"600\" height=\"338\" title=\"&#8222;Blogparade: Astrid Lindgren&#8220; &#8212; Leckere Kekse &amp; mehr\" frameborder=\"0\" marginwidth=\"0\" marginheight=\"0\" scrolling=\"no\"><\/iframe><\/p>\n<blockquote class=\"wp-embedded-content\" data-secret=\"HTvceSMcN2\"><p><a href=\"https:\/\/leckerekekse.de\/wordpress\/buchsaiten-blogparade-2016\/\">BuchSaiten-Blogparade-2016<\/a><\/p><\/blockquote>\n<p><iframe loading=\"lazy\" class=\"wp-embedded-content\" sandbox=\"allow-scripts\" security=\"restricted\" style=\"position: absolute; clip: rect(1px, 1px, 1px, 1px);\" src=\"https:\/\/leckerekekse.de\/wordpress\/buchsaiten-blogparade-2016\/embed\/#?secret=HTvceSMcN2\" data-secret=\"HTvceSMcN2\" width=\"600\" height=\"338\" title=\"&#8222;BuchSaiten-Blogparade-2016&#8220; &#8212; Leckere Kekse &amp; mehr\" frameborder=\"0\" marginwidth=\"0\" marginheight=\"0\" scrolling=\"no\"><\/iframe><\/p>\n<blockquote class=\"wp-embedded-content\" data-secret=\"G20UW5EV4O\"><p><a href=\"https:\/\/leckerekekse.de\/wordpress\/blogparade-zum-jahresabschluss\/\">Blogparade zum Jahresabschluss<\/a><\/p><\/blockquote>\n<p><iframe loading=\"lazy\" class=\"wp-embedded-content\" sandbox=\"allow-scripts\" security=\"restricted\" style=\"position: absolute; clip: rect(1px, 1px, 1px, 1px);\" src=\"https:\/\/leckerekekse.de\/wordpress\/blogparade-zum-jahresabschluss\/embed\/#?secret=G20UW5EV4O\" data-secret=\"G20UW5EV4O\" width=\"600\" height=\"338\" title=\"&#8222;Blogparade zum Jahresabschluss&#8220; &#8212; Leckere Kekse &amp; mehr\" frameborder=\"0\" marginwidth=\"0\" marginheight=\"0\" scrolling=\"no\"><\/iframe><\/p>\n<blockquote class=\"wp-embedded-content\" data-secret=\"XCj78k9tPE\"><p><a href=\"https:\/\/leckerekekse.de\/wordpress\/lesezeichen\/\">Lesezeichen<\/a><\/p><\/blockquote>\n<p><iframe loading=\"lazy\" class=\"wp-embedded-content\" sandbox=\"allow-scripts\" security=\"restricted\" style=\"position: absolute; clip: rect(1px, 1px, 1px, 1px);\" src=\"https:\/\/leckerekekse.de\/wordpress\/lesezeichen\/embed\/#?secret=XCj78k9tPE\" data-secret=\"XCj78k9tPE\" width=\"600\" height=\"338\" title=\"&#8222;Lesezeichen&#8220; &#8212; Leckere Kekse &amp; mehr\" frameborder=\"0\" marginwidth=\"0\" marginheight=\"0\" scrolling=\"no\"><\/iframe><\/p>\n<h5><\/h5>\n<blockquote class=\"wp-embedded-content\" data-secret=\"q9HoMJFn3J\"><p><a href=\"https:\/\/leckerekekse.de\/wordpress\/silvias-buecherregal\/\">Silvias B\u00fccherregal<\/a><\/p><\/blockquote>\n<p><iframe loading=\"lazy\" class=\"wp-embedded-content\" sandbox=\"allow-scripts\" security=\"restricted\" style=\"position: absolute; clip: rect(1px, 1px, 1px, 1px);\" src=\"https:\/\/leckerekekse.de\/wordpress\/silvias-buecherregal\/embed\/#?secret=q9HoMJFn3J\" data-secret=\"q9HoMJFn3J\" width=\"600\" height=\"338\" title=\"&#8222;Silvias B\u00fccherregal&#8220; &#8212; Leckere Kekse &amp; mehr\" frameborder=\"0\" marginwidth=\"0\" marginheight=\"0\" scrolling=\"no\"><\/iframe><\/p>\n<h2>Challenges<\/h2>\n<p><img loading=\"lazy\" decoding=\"async\" class=\"alignleft wp-image-7996 size-full\" src=\"https:\/\/leckerekekse.de\/wordpress\/wp-content\/uploads\/2017\/01\/Header_Jahr_des_Taschenbuchs.jpg\" alt=\"header_jahr_des_taschenbuchs\" width=\"640\" height=\"430\" srcset=\"https:\/\/leckerekekse.de\/wordpress\/wp-content\/uploads\/2017\/01\/Header_Jahr_des_Taschenbuchs.jpg 640w, https:\/\/leckerekekse.de\/wordpress\/wp-content\/uploads\/2017\/01\/Header_Jahr_des_Taschenbuchs-300x202.jpg 300w\" sizes=\"auto, (max-width: 640px) 100vw, 640px\" \/><\/p>\n<p>&nbsp;<\/p>\n<p>&nbsp;<\/p>\n<p>&nbsp;<\/p>\n<p>&nbsp;<\/p>\n<p>&nbsp;<\/p>\n<p>&nbsp;<\/p>\n<p>&nbsp;<\/p>\n<p>&nbsp;<\/p>\n<p>&nbsp;<\/p>\n<p>&nbsp;<\/p>\n<p>&nbsp;<\/p>\n<blockquote class=\"wp-embedded-content\" data-secret=\"VlyukXfWct\"><p><a href=\"https:\/\/leckerekekse.de\/wordpress\/buecherkultur-challenge\/\">B\u00fccherkultur Challenge<\/a><\/p><\/blockquote>\n<p><iframe loading=\"lazy\" class=\"wp-embedded-content\" sandbox=\"allow-scripts\" security=\"restricted\" style=\"position: absolute; clip: rect(1px, 1px, 1px, 1px);\" src=\"https:\/\/leckerekekse.de\/wordpress\/buecherkultur-challenge\/embed\/#?secret=VlyukXfWct\" data-secret=\"VlyukXfWct\" width=\"600\" height=\"338\" title=\"&#8222;B\u00fccherkultur Challenge&#8220; &#8212; Leckere Kekse &amp; mehr\" frameborder=\"0\" marginwidth=\"0\" marginheight=\"0\" scrolling=\"no\"><\/iframe><\/p>\n<blockquote class=\"wp-embedded-content\" data-secret=\"VrE2Us5bFE\"><p><a href=\"https:\/\/leckerekekse.de\/wordpress\/social-reading-2016\/\">Social Reading 2016<\/a><\/p><\/blockquote>\n<p><iframe loading=\"lazy\" class=\"wp-embedded-content\" sandbox=\"allow-scripts\" security=\"restricted\" style=\"position: absolute; clip: rect(1px, 1px, 1px, 1px);\" src=\"https:\/\/leckerekekse.de\/wordpress\/social-reading-2016\/embed\/#?secret=VrE2Us5bFE\" data-secret=\"VrE2Us5bFE\" width=\"600\" height=\"338\" title=\"&#8222;Social Reading 2016&#8220; &#8212; Leckere Kekse &amp; mehr\" frameborder=\"0\" marginwidth=\"0\" marginheight=\"0\" scrolling=\"no\"><\/iframe><\/p>\n<blockquote class=\"wp-embedded-content\" data-secret=\"TyCUBbnNqK\"><p><a href=\"https:\/\/leckerekekse.de\/wordpress\/blogfragen-fuer-buchblogger-15-fragen\/\">#blogfragen f\u00fcr Buchblogger: 15 Fragen<\/a><\/p><\/blockquote>\n<p><iframe loading=\"lazy\" class=\"wp-embedded-content\" sandbox=\"allow-scripts\" security=\"restricted\" style=\"position: absolute; clip: rect(1px, 1px, 1px, 1px);\" src=\"https:\/\/leckerekekse.de\/wordpress\/blogfragen-fuer-buchblogger-15-fragen\/embed\/#?secret=TyCUBbnNqK\" data-secret=\"TyCUBbnNqK\" width=\"600\" height=\"338\" title=\"&#8222;#blogfragen f\u00fcr Buchblogger: 15 Fragen&#8220; &#8212; Leckere Kekse &amp; mehr\" frameborder=\"0\" marginwidth=\"0\" marginheight=\"0\" scrolling=\"no\"><\/iframe><\/p>\n<p>&nbsp;<\/p>\n","protected":false},"excerpt":{"rendered":"<p>Aktionen an denen wir teilgenommen haben Blogparaden Die 9. Buchsaiten-Blogparade &nbsp; Aktion: Meine Lieblingsbuchhandlung Blogtour Bella Italia Erste Blogparade auf dem Leckerekekse-Blog T\u00f6rtchen on Tour &nbsp; Blogparade: Astrid Lindgren BuchSaiten-Blogparade-2016 Blogparade zum Jahresabschluss Lesezeichen Silvias B\u00fccherregal Challenges &nbsp; &nbsp; &nbsp; &nbsp; &nbsp; &nbsp; &nbsp; &nbsp; &nbsp; &nbsp; &nbsp; B\u00fccherkultur Challenge Social Reading 2016 #blogfragen f\u00fcr [&hellip;]<\/p>\n","protected":false},"author":2,"featured_media":0,"parent":0,"menu_order":0,"comment_status":"closed","ping_status":"closed","template":"","meta":{"footnotes":""},"class_list":["post-5391","page","type-page","status-publish","hentry"],"yoast_head":"<!-- This site is optimized with the Yoast SEO plugin v27.5 - https:\/\/yoast.com\/product\/yoast-seo-wordpress\/ -->\n<title>Aktionen und Blogparaden von anderen lesenswerten Blogs<\/title>\n<meta name=\"description\" content=\"Hier gibt es viele Aktionen, an denen wir teilgenommen haben. Viele sch\u00f6ne Ideen von anderen Blogs, die f\u00fcr uns interessant waren.\" \/>\n<meta name=\"robots\" content=\"index, follow, max-snippet:-1, max-image-preview:large, max-video-preview:-1\" \/>\n<link rel=\"canonical\" href=\"https:\/\/leckerekekse.de\/wordpress\/aktionen\/\" \/>\n<meta property=\"og:locale\" content=\"de_DE\" \/>\n<meta property=\"og:type\" content=\"article\" \/>\n<meta property=\"og:title\" content=\"Aktionen und Blogparaden von anderen lesenswerten Blogs\" \/>\n<meta property=\"og:description\" content=\"Hier gibt es viele Aktionen, an denen wir teilgenommen haben. Viele sch\u00f6ne Ideen von anderen Blogs, die f\u00fcr uns interessant waren.\" \/>\n<meta property=\"og:url\" content=\"https:\/\/leckerekekse.de\/wordpress\/aktionen\/\" \/>\n<meta property=\"og:site_name\" content=\"Leckere Kekse &amp; mehr\" \/>\n<meta property=\"article:modified_time\" content=\"2021-03-27T15:36:47+00:00\" \/>\n<meta property=\"og:image\" content=\"https:\/\/leckerekekse.de\/wordpress\/wp-content\/uploads\/2017\/01\/Header_Jahr_des_Taschenbuchs.jpg\" \/>\n<script type=\"application\/ld+json\" class=\"yoast-schema-graph\">{\"@context\":\"https:\\\/\\\/schema.org\",\"@graph\":[{\"@type\":\"WebPage\",\"@id\":\"https:\\\/\\\/leckerekekse.de\\\/wordpress\\\/aktionen\\\/\",\"url\":\"https:\\\/\\\/leckerekekse.de\\\/wordpress\\\/aktionen\\\/\",\"name\":\"Aktionen und Blogparaden von anderen lesenswerten Blogs\",\"isPartOf\":{\"@id\":\"https:\\\/\\\/leckerekekse.de\\\/wordpress\\\/#website\"},\"primaryImageOfPage\":{\"@id\":\"https:\\\/\\\/leckerekekse.de\\\/wordpress\\\/aktionen\\\/#primaryimage\"},\"image\":{\"@id\":\"https:\\\/\\\/leckerekekse.de\\\/wordpress\\\/aktionen\\\/#primaryimage\"},\"thumbnailUrl\":\"https:\\\/\\\/leckerekekse.de\\\/wordpress\\\/wp-content\\\/uploads\\\/2017\\\/01\\\/Header_Jahr_des_Taschenbuchs.jpg\",\"datePublished\":\"2017-02-02T16:02:45+00:00\",\"dateModified\":\"2021-03-27T15:36:47+00:00\",\"description\":\"Hier gibt es viele Aktionen, an denen wir teilgenommen haben. Viele sch\u00f6ne Ideen von anderen Blogs, die f\u00fcr uns interessant waren.\",\"breadcrumb\":{\"@id\":\"https:\\\/\\\/leckerekekse.de\\\/wordpress\\\/aktionen\\\/#breadcrumb\"},\"inLanguage\":\"de\",\"potentialAction\":[{\"@type\":\"ReadAction\",\"target\":[\"https:\\\/\\\/leckerekekse.de\\\/wordpress\\\/aktionen\\\/\"]}]},{\"@type\":\"ImageObject\",\"inLanguage\":\"de\",\"@id\":\"https:\\\/\\\/leckerekekse.de\\\/wordpress\\\/aktionen\\\/#primaryimage\",\"url\":\"https:\\\/\\\/leckerekekse.de\\\/wordpress\\\/wp-content\\\/uploads\\\/2017\\\/01\\\/Header_Jahr_des_Taschenbuchs.jpg\",\"contentUrl\":\"https:\\\/\\\/leckerekekse.de\\\/wordpress\\\/wp-content\\\/uploads\\\/2017\\\/01\\\/Header_Jahr_des_Taschenbuchs.jpg\",\"width\":640,\"height\":430},{\"@type\":\"BreadcrumbList\",\"@id\":\"https:\\\/\\\/leckerekekse.de\\\/wordpress\\\/aktionen\\\/#breadcrumb\",\"itemListElement\":[{\"@type\":\"ListItem\",\"position\":1,\"name\":\"Home\",\"item\":\"https:\\\/\\\/leckerekekse.de\\\/wordpress\\\/\"},{\"@type\":\"ListItem\",\"position\":2,\"name\":\"Aktionen\"}]},{\"@type\":\"WebSite\",\"@id\":\"https:\\\/\\\/leckerekekse.de\\\/wordpress\\\/#website\",\"url\":\"https:\\\/\\\/leckerekekse.de\\\/wordpress\\\/\",\"name\":\"Leckere Kekse &amp; mehr\",\"description\":\"Kekse backen, B\u00fccher lesen und mehr\",\"publisher\":{\"@id\":\"https:\\\/\\\/leckerekekse.de\\\/wordpress\\\/#\\\/schema\\\/person\\\/8f45748de22f11ca6e316da813f59b85\"},\"potentialAction\":[{\"@type\":\"SearchAction\",\"target\":{\"@type\":\"EntryPoint\",\"urlTemplate\":\"https:\\\/\\\/leckerekekse.de\\\/wordpress\\\/?s={search_term_string}\"},\"query-input\":{\"@type\":\"PropertyValueSpecification\",\"valueRequired\":true,\"valueName\":\"search_term_string\"}}],\"inLanguage\":\"de\"},{\"@type\":[\"Person\",\"Organization\"],\"@id\":\"https:\\\/\\\/leckerekekse.de\\\/wordpress\\\/#\\\/schema\\\/person\\\/8f45748de22f11ca6e316da813f59b85\",\"name\":\"Astrid\",\"logo\":{\"@id\":\"https:\\\/\\\/leckerekekse.de\\\/wordpress\\\/#\\\/schema\\\/person\\\/image\\\/\"},\"sameAs\":[\"https:\\\/\\\/leckerekekse.de\\\/wordpress\"]}]}<\/script>\n<!-- \/ Yoast SEO plugin. -->","yoast_head_json":{"title":"Aktionen und Blogparaden von anderen lesenswerten Blogs","description":"Hier gibt es viele Aktionen, an denen wir teilgenommen haben. Viele sch\u00f6ne Ideen von anderen Blogs, die f\u00fcr uns interessant waren.","robots":{"index":"index","follow":"follow","max-snippet":"max-snippet:-1","max-image-preview":"max-image-preview:large","max-video-preview":"max-video-preview:-1"},"canonical":"https:\/\/leckerekekse.de\/wordpress\/aktionen\/","og_locale":"de_DE","og_type":"article","og_title":"Aktionen und Blogparaden von anderen lesenswerten Blogs","og_description":"Hier gibt es viele Aktionen, an denen wir teilgenommen haben. Viele sch\u00f6ne Ideen von anderen Blogs, die f\u00fcr uns interessant waren.","og_url":"https:\/\/leckerekekse.de\/wordpress\/aktionen\/","og_site_name":"Leckere Kekse &amp; mehr","article_modified_time":"2021-03-27T15:36:47+00:00","og_image":[{"url":"https:\/\/leckerekekse.de\/wordpress\/wp-content\/uploads\/2017\/01\/Header_Jahr_des_Taschenbuchs.jpg","type":"","width":"","height":""}],"schema":{"@context":"https:\/\/schema.org","@graph":[{"@type":"WebPage","@id":"https:\/\/leckerekekse.de\/wordpress\/aktionen\/","url":"https:\/\/leckerekekse.de\/wordpress\/aktionen\/","name":"Aktionen und Blogparaden von anderen lesenswerten Blogs","isPartOf":{"@id":"https:\/\/leckerekekse.de\/wordpress\/#website"},"primaryImageOfPage":{"@id":"https:\/\/leckerekekse.de\/wordpress\/aktionen\/#primaryimage"},"image":{"@id":"https:\/\/leckerekekse.de\/wordpress\/aktionen\/#primaryimage"},"thumbnailUrl":"https:\/\/leckerekekse.de\/wordpress\/wp-content\/uploads\/2017\/01\/Header_Jahr_des_Taschenbuchs.jpg","datePublished":"2017-02-02T16:02:45+00:00","dateModified":"2021-03-27T15:36:47+00:00","description":"Hier gibt es viele Aktionen, an denen wir teilgenommen haben. Viele sch\u00f6ne Ideen von anderen Blogs, die f\u00fcr uns interessant waren.","breadcrumb":{"@id":"https:\/\/leckerekekse.de\/wordpress\/aktionen\/#breadcrumb"},"inLanguage":"de","potentialAction":[{"@type":"ReadAction","target":["https:\/\/leckerekekse.de\/wordpress\/aktionen\/"]}]},{"@type":"ImageObject","inLanguage":"de","@id":"https:\/\/leckerekekse.de\/wordpress\/aktionen\/#primaryimage","url":"https:\/\/leckerekekse.de\/wordpress\/wp-content\/uploads\/2017\/01\/Header_Jahr_des_Taschenbuchs.jpg","contentUrl":"https:\/\/leckerekekse.de\/wordpress\/wp-content\/uploads\/2017\/01\/Header_Jahr_des_Taschenbuchs.jpg","width":640,"height":430},{"@type":"BreadcrumbList","@id":"https:\/\/leckerekekse.de\/wordpress\/aktionen\/#breadcrumb","itemListElement":[{"@type":"ListItem","position":1,"name":"Home","item":"https:\/\/leckerekekse.de\/wordpress\/"},{"@type":"ListItem","position":2,"name":"Aktionen"}]},{"@type":"WebSite","@id":"https:\/\/leckerekekse.de\/wordpress\/#website","url":"https:\/\/leckerekekse.de\/wordpress\/","name":"Leckere Kekse &amp; mehr","description":"Kekse backen, B\u00fccher lesen und mehr","publisher":{"@id":"https:\/\/leckerekekse.de\/wordpress\/#\/schema\/person\/8f45748de22f11ca6e316da813f59b85"},"potentialAction":[{"@type":"SearchAction","target":{"@type":"EntryPoint","urlTemplate":"https:\/\/leckerekekse.de\/wordpress\/?s={search_term_string}"},"query-input":{"@type":"PropertyValueSpecification","valueRequired":true,"valueName":"search_term_string"}}],"inLanguage":"de"},{"@type":["Person","Organization"],"@id":"https:\/\/leckerekekse.de\/wordpress\/#\/schema\/person\/8f45748de22f11ca6e316da813f59b85","name":"Astrid","logo":{"@id":"https:\/\/leckerekekse.de\/wordpress\/#\/schema\/person\/image\/"},"sameAs":["https:\/\/leckerekekse.de\/wordpress"]}]}},"_links":{"self":[{"href":"https:\/\/leckerekekse.de\/wordpress\/wp-json\/wp\/v2\/pages\/5391","targetHints":{"allow":["GET"]}}],"collection":[{"href":"https:\/\/leckerekekse.de\/wordpress\/wp-json\/wp\/v2\/pages"}],"about":[{"href":"https:\/\/leckerekekse.de\/wordpress\/wp-json\/wp\/v2\/types\/page"}],"author":[{"embeddable":true,"href":"https:\/\/leckerekekse.de\/wordpress\/wp-json\/wp\/v2\/users\/2"}],"replies":[{"embeddable":true,"href":"https:\/\/leckerekekse.de\/wordpress\/wp-json\/wp\/v2\/comments?post=5391"}],"version-history":[{"count":3,"href":"https:\/\/leckerekekse.de\/wordpress\/wp-json\/wp\/v2\/pages\/5391\/revisions"}],"predecessor-version":[{"id":16393,"href":"https:\/\/leckerekekse.de\/wordpress\/wp-json\/wp\/v2\/pages\/5391\/revisions\/16393"}],"wp:attachment":[{"href":"https:\/\/leckerekekse.de\/wordpress\/wp-json\/wp\/v2\/media?parent=5391"}],"curies":[{"name":"wp","href":"https:\/\/api.w.org\/{rel}","templated":true}]}}