{"id":7630,"date":"2017-02-02T17:08:20","date_gmt":"2017-02-02T16:08:20","guid":{"rendered":"http:\/\/leckerekekse.de\/wordpress\/?page_id=7630"},"modified":"2018-02-08T15:02:54","modified_gmt":"2018-02-08T14:02:54","slug":"interviews","status":"publish","type":"page","link":"https:\/\/leckerekekse.de\/wordpress\/interviews\/","title":{"rendered":"Interviews"},"content":{"rendered":"<h3>Die von uns gef\u00fchrten Interviews<\/h3>\n<p><img loading=\"lazy\" decoding=\"async\" class=\"aligncenter size-full wp-image-7270\" src=\"https:\/\/leckerekekse.de\/wordpress\/wp-content\/uploads\/2016\/10\/Buchmesse-FBM-33.jpg\" alt=\"Interview Duotincta Verlag\" width=\"640\" height=\"427\" srcset=\"https:\/\/leckerekekse.de\/wordpress\/wp-content\/uploads\/2016\/10\/Buchmesse-FBM-33.jpg 640w, https:\/\/leckerekekse.de\/wordpress\/wp-content\/uploads\/2016\/10\/Buchmesse-FBM-33-300x200.jpg 300w\" sizes=\"auto, (max-width: 640px) 100vw, 640px\" \/><\/p>\n<h4>wir reden mit Autoren<\/h4>\n<p><a href=\"https:\/\/leckerekekse.de\/wordpress\/rezension-interview-debuetautorin-juliana-kalnay\/\" target=\"_blank\" rel=\"noopener\">Juliana K\u00e1lnay<\/a><\/p>\n<p><a href=\"https:\/\/leckerekekse.de\/wordpress\/rezension-oder-florida\/\" target=\"_blank\" rel=\"noopener\">Christian Bangel<\/a><\/p>\n<p><a href=\"https:\/\/leckerekekse.de\/wordpress\/rezension-still-halten\/\" target=\"_blank\" rel=\"noopener\">Jovana Reisinger<\/a><\/p>\n<p><a href=\"https:\/\/leckerekekse.de\/wordpress\/interview-mit-k-c-zehrer\/\" target=\"_blank\" rel=\"noopener\">Klaus C\u00e4sar Zehrer<\/a><\/p>\n<p><a href=\"https:\/\/leckerekekse.de\/wordpress\/julia-weber-immer-ist-alles-schoen\/\" target=\"_blank\" rel=\"noopener\">Julia Weber<\/a><\/p>\n<p><a href=\"https:\/\/leckerekekse.de\/wordpress\/mauerfall-interview-mit-kathrin-wildenberger\/\" target=\"_blank\" rel=\"noopener\">Wildenberger, Kathrin<\/a><\/p>\n<p><a href=\"https:\/\/leckerekekse.de\/wordpress\/interview-mit-dem-autor-juergen-volk\/\" target=\"_blank\" rel=\"noopener\">J\u00fcrgen Volk<\/a><\/p>\n<p><a href=\"https:\/\/leckerekekse.de\/wordpress\/jasmin-ramadan-im-interview\/\" target=\"_blank\" rel=\"noopener noreferrer\">Jasmin Ramadan<\/a><\/p>\n<p><a href=\"https:\/\/leckerekekse.de\/wordpress\/nina-sahm-ein-interview\/\" target=\"_blank\" rel=\"noopener noreferrer\">Nina Sahm<\/a><\/p>\n<p><a href=\"https:\/\/leckerekekse.de\/wordpress\/birgit-rabisch-interview\/\" target=\"_blank\" rel=\"noopener noreferrer\">Birgit Rabisch<\/a><\/p>\n<p><a href=\"https:\/\/leckerekekse.de\/wordpress\/rezension-und-interview-mein-schlimmster-schoenster-sommer-von-stefanie-gregg\/\" target=\"_blank\" rel=\"noopener noreferrer\">Stefanie Gregg<\/a><\/p>\n<p><a href=\"https:\/\/leckerekekse.de\/wordpress\/blogparade-von-allen-guten-geistern-andreas-kollender\/\" target=\"_blank\" rel=\"noopener noreferrer\">Andreas Kollender<\/a><\/p>\n<h4>Wir stellen Buchhandlungen vor<\/h4>\n<p><a href=\"https:\/\/leckerekekse.de\/wordpress\/wub-rupprichteroth\/\" target=\"_blank\" rel=\"noopener noreferrer\">Angelikas B\u00fcchergarten<\/a><\/p>\n<p><a href=\"https:\/\/leckerekekse.de\/wordpress\/wub-pfister\/\" target=\"_blank\" rel=\"noopener noreferrer\">Pfister in Bad Krozingen<\/a><\/p>\n<p><a href=\"https:\/\/leckerekekse.de\/wordpress\/wub-buchhandlung-7morgen\/\" target=\"_blank\" rel=\"noopener noreferrer\">7Morgen in Refrath<\/a><\/p>\n<p><a href=\"https:\/\/leckerekekse.de\/wordpress\/wub-buchhandlung-am-meer-groemitz\/\" target=\"_blank\" rel=\"noopener noreferrer\">Am Meer in Gr\u00f6mitz<\/a><\/p>\n<p><a href=\"https:\/\/leckerekekse.de\/wordpress\/wub-buchhandlung-schwanhaeuser\/\" target=\"_blank\" rel=\"noopener noreferrer\">Schwanh\u00e4user in Freiburg<\/a><\/p>\n<h4>Wir stellen Verlage vor<\/h4>\n<p><a href=\"https:\/\/leckerekekse.de\/wordpress\/verlagsvorstellung-duotincta\/\" target=\"_blank\" rel=\"noopener noreferrer\">Duotincta<\/a><\/p>\n<p><a href=\"https:\/\/leckerekekse.de\/wordpress\/verlagsvorstellung-mareverlag\/\" target=\"_blank\" rel=\"noopener noreferrer\">mare Verlag<\/a><\/p>\n<p><a href=\"https:\/\/leckerekekse.de\/wordpress\/verlagsvorstellung-droschl\/\" target=\"_blank\" rel=\"noopener noreferrer\">droschl Verlag<\/a><\/p>\n<p><a href=\"https:\/\/leckerekekse.de\/wordpress\/verlagsvorstellung-matthes-seitz-berlin\/\" target=\"_blank\" rel=\"noopener noreferrer\">Matthes und Seitz<\/a><\/p>\n<p><a href=\"https:\/\/leckerekekse.de\/wordpress\/wallstein-verlag\/\" target=\"_blank\" rel=\"noopener noreferrer\">Wallstein Verlag<\/a><\/p>\n<h4>Weitere Interviews<\/h4>\n<p><a href=\"https:\/\/leckerekekse.de\/wordpress\/was-ist-die-wub-interview\/\" target=\"_blank\" rel=\"noopener\">Dorothee Junck<\/a>, Mitorganisatorin der WUB (Woche der unabh\u00e4ngigen buchhnadlungen)<\/p>\n<p>&nbsp;<\/p>\n","protected":false},"excerpt":{"rendered":"<p>Die von uns gef\u00fchrten Interviews wir reden mit Autoren Juliana K\u00e1lnay Christian Bangel Jovana Reisinger Klaus C\u00e4sar Zehrer Julia Weber Wildenberger, Kathrin J\u00fcrgen Volk Jasmin Ramadan Nina Sahm Birgit Rabisch Stefanie Gregg Andreas Kollender Wir stellen Buchhandlungen vor Angelikas B\u00fcchergarten Pfister in Bad Krozingen 7Morgen in Refrath Am Meer in Gr\u00f6mitz Schwanh\u00e4user in Freiburg Wir [&hellip;]<\/p>\n","protected":false},"author":1,"featured_media":0,"parent":0,"menu_order":0,"comment_status":"closed","ping_status":"closed","template":"","meta":{"footnotes":""},"class_list":["post-7630","page","type-page","status-publish","hentry"],"yoast_head":"<!-- This site is optimized with the Yoast SEO plugin v27.3 - https:\/\/yoast.com\/product\/yoast-seo-wordpress\/ -->\n<title>Interviews | Leckere Kekse &amp; mehr<\/title>\n<meta name=\"description\" content=\"Alle Interviews, die wir f\u00fcr den Blog gef\u00fchrt haben: mit Autoren, Buchh\u00e4ndlern, Verlagsmenschen. Individuelle Gespr\u00e4che \u00fcber interessante Themen.\" \/>\n<meta name=\"robots\" content=\"index, follow, max-snippet:-1, max-image-preview:large, max-video-preview:-1\" \/>\n<link rel=\"canonical\" href=\"https:\/\/leckerekekse.de\/wordpress\/interviews\/\" \/>\n<meta property=\"og:locale\" content=\"de_DE\" \/>\n<meta property=\"og:type\" content=\"article\" \/>\n<meta property=\"og:title\" content=\"Interviews | Leckere Kekse &amp; mehr\" \/>\n<meta property=\"og:description\" content=\"Alle Interviews, die wir f\u00fcr den Blog gef\u00fchrt haben: mit Autoren, Buchh\u00e4ndlern, Verlagsmenschen. Individuelle Gespr\u00e4che \u00fcber interessante Themen.\" \/>\n<meta property=\"og:url\" content=\"https:\/\/leckerekekse.de\/wordpress\/interviews\/\" \/>\n<meta property=\"og:site_name\" content=\"Leckere Kekse &amp; mehr\" \/>\n<meta property=\"article:modified_time\" content=\"2018-02-08T14:02:54+00:00\" \/>\n<meta property=\"og:image\" content=\"https:\/\/leckerekekse.de\/wordpress\/wp-content\/uploads\/2016\/10\/Buchmesse-FBM-33.jpg\" \/>\n<script type=\"application\/ld+json\" class=\"yoast-schema-graph\">{\"@context\":\"https:\\\/\\\/schema.org\",\"@graph\":[{\"@type\":\"WebPage\",\"@id\":\"https:\\\/\\\/leckerekekse.de\\\/wordpress\\\/interviews\\\/\",\"url\":\"https:\\\/\\\/leckerekekse.de\\\/wordpress\\\/interviews\\\/\",\"name\":\"Interviews | Leckere Kekse &amp; mehr\",\"isPartOf\":{\"@id\":\"https:\\\/\\\/leckerekekse.de\\\/wordpress\\\/#website\"},\"primaryImageOfPage\":{\"@id\":\"https:\\\/\\\/leckerekekse.de\\\/wordpress\\\/interviews\\\/#primaryimage\"},\"image\":{\"@id\":\"https:\\\/\\\/leckerekekse.de\\\/wordpress\\\/interviews\\\/#primaryimage\"},\"thumbnailUrl\":\"https:\\\/\\\/leckerekekse.de\\\/wordpress\\\/wp-content\\\/uploads\\\/2016\\\/10\\\/Buchmesse-FBM-33.jpg\",\"datePublished\":\"2017-02-02T16:08:20+00:00\",\"dateModified\":\"2018-02-08T14:02:54+00:00\",\"description\":\"Alle Interviews, die wir f\u00fcr den Blog gef\u00fchrt haben: mit Autoren, Buchh\u00e4ndlern, Verlagsmenschen. Individuelle Gespr\u00e4che \u00fcber interessante Themen.\",\"breadcrumb\":{\"@id\":\"https:\\\/\\\/leckerekekse.de\\\/wordpress\\\/interviews\\\/#breadcrumb\"},\"inLanguage\":\"de\",\"potentialAction\":[{\"@type\":\"ReadAction\",\"target\":[\"https:\\\/\\\/leckerekekse.de\\\/wordpress\\\/interviews\\\/\"]}]},{\"@type\":\"ImageObject\",\"inLanguage\":\"de\",\"@id\":\"https:\\\/\\\/leckerekekse.de\\\/wordpress\\\/interviews\\\/#primaryimage\",\"url\":\"https:\\\/\\\/leckerekekse.de\\\/wordpress\\\/wp-content\\\/uploads\\\/2016\\\/10\\\/Buchmesse-FBM-33.jpg\",\"contentUrl\":\"https:\\\/\\\/leckerekekse.de\\\/wordpress\\\/wp-content\\\/uploads\\\/2016\\\/10\\\/Buchmesse-FBM-33.jpg\",\"width\":640,\"height\":427,\"caption\":\"Interview Duotincta Verlag\"},{\"@type\":\"BreadcrumbList\",\"@id\":\"https:\\\/\\\/leckerekekse.de\\\/wordpress\\\/interviews\\\/#breadcrumb\",\"itemListElement\":[{\"@type\":\"ListItem\",\"position\":1,\"name\":\"Home\",\"item\":\"https:\\\/\\\/leckerekekse.de\\\/wordpress\\\/\"},{\"@type\":\"ListItem\",\"position\":2,\"name\":\"Interviews\"}]},{\"@type\":\"WebSite\",\"@id\":\"https:\\\/\\\/leckerekekse.de\\\/wordpress\\\/#website\",\"url\":\"https:\\\/\\\/leckerekekse.de\\\/wordpress\\\/\",\"name\":\"Leckere Kekse &amp; mehr\",\"description\":\"Kekse backen, B\u00fccher lesen und mehr\",\"publisher\":{\"@id\":\"https:\\\/\\\/leckerekekse.de\\\/wordpress\\\/#\\\/schema\\\/person\\\/2810405561c2dd9a39e8b0d67212f802\"},\"potentialAction\":[{\"@type\":\"SearchAction\",\"target\":{\"@type\":\"EntryPoint\",\"urlTemplate\":\"https:\\\/\\\/leckerekekse.de\\\/wordpress\\\/?s={search_term_string}\"},\"query-input\":{\"@type\":\"PropertyValueSpecification\",\"valueRequired\":true,\"valueName\":\"search_term_string\"}}],\"inLanguage\":\"de\"},{\"@type\":[\"Person\",\"Organization\"],\"@id\":\"https:\\\/\\\/leckerekekse.de\\\/wordpress\\\/#\\\/schema\\\/person\\\/2810405561c2dd9a39e8b0d67212f802\",\"name\":\"Astrid\",\"logo\":{\"@id\":\"https:\\\/\\\/leckerekekse.de\\\/wordpress\\\/#\\\/schema\\\/person\\\/image\\\/\"},\"sameAs\":[\"https:\\\/\\\/leckerekekse.de\\\/wordpress\"]}]}<\/script>\n<!-- \/ Yoast SEO plugin. -->","yoast_head_json":{"title":"Interviews | Leckere Kekse &amp; mehr","description":"Alle Interviews, die wir f\u00fcr den Blog gef\u00fchrt haben: mit Autoren, Buchh\u00e4ndlern, Verlagsmenschen. Individuelle Gespr\u00e4che \u00fcber interessante Themen.","robots":{"index":"index","follow":"follow","max-snippet":"max-snippet:-1","max-image-preview":"max-image-preview:large","max-video-preview":"max-video-preview:-1"},"canonical":"https:\/\/leckerekekse.de\/wordpress\/interviews\/","og_locale":"de_DE","og_type":"article","og_title":"Interviews | Leckere Kekse &amp; mehr","og_description":"Alle Interviews, die wir f\u00fcr den Blog gef\u00fchrt haben: mit Autoren, Buchh\u00e4ndlern, Verlagsmenschen. Individuelle Gespr\u00e4che \u00fcber interessante Themen.","og_url":"https:\/\/leckerekekse.de\/wordpress\/interviews\/","og_site_name":"Leckere Kekse &amp; mehr","article_modified_time":"2018-02-08T14:02:54+00:00","og_image":[{"url":"https:\/\/leckerekekse.de\/wordpress\/wp-content\/uploads\/2016\/10\/Buchmesse-FBM-33.jpg","type":"","width":"","height":""}],"schema":{"@context":"https:\/\/schema.org","@graph":[{"@type":"WebPage","@id":"https:\/\/leckerekekse.de\/wordpress\/interviews\/","url":"https:\/\/leckerekekse.de\/wordpress\/interviews\/","name":"Interviews | Leckere Kekse &amp; mehr","isPartOf":{"@id":"https:\/\/leckerekekse.de\/wordpress\/#website"},"primaryImageOfPage":{"@id":"https:\/\/leckerekekse.de\/wordpress\/interviews\/#primaryimage"},"image":{"@id":"https:\/\/leckerekekse.de\/wordpress\/interviews\/#primaryimage"},"thumbnailUrl":"https:\/\/leckerekekse.de\/wordpress\/wp-content\/uploads\/2016\/10\/Buchmesse-FBM-33.jpg","datePublished":"2017-02-02T16:08:20+00:00","dateModified":"2018-02-08T14:02:54+00:00","description":"Alle Interviews, die wir f\u00fcr den Blog gef\u00fchrt haben: mit Autoren, Buchh\u00e4ndlern, Verlagsmenschen. Individuelle Gespr\u00e4che \u00fcber interessante Themen.","breadcrumb":{"@id":"https:\/\/leckerekekse.de\/wordpress\/interviews\/#breadcrumb"},"inLanguage":"de","potentialAction":[{"@type":"ReadAction","target":["https:\/\/leckerekekse.de\/wordpress\/interviews\/"]}]},{"@type":"ImageObject","inLanguage":"de","@id":"https:\/\/leckerekekse.de\/wordpress\/interviews\/#primaryimage","url":"https:\/\/leckerekekse.de\/wordpress\/wp-content\/uploads\/2016\/10\/Buchmesse-FBM-33.jpg","contentUrl":"https:\/\/leckerekekse.de\/wordpress\/wp-content\/uploads\/2016\/10\/Buchmesse-FBM-33.jpg","width":640,"height":427,"caption":"Interview Duotincta Verlag"},{"@type":"BreadcrumbList","@id":"https:\/\/leckerekekse.de\/wordpress\/interviews\/#breadcrumb","itemListElement":[{"@type":"ListItem","position":1,"name":"Home","item":"https:\/\/leckerekekse.de\/wordpress\/"},{"@type":"ListItem","position":2,"name":"Interviews"}]},{"@type":"WebSite","@id":"https:\/\/leckerekekse.de\/wordpress\/#website","url":"https:\/\/leckerekekse.de\/wordpress\/","name":"Leckere Kekse &amp; mehr","description":"Kekse backen, B\u00fccher lesen und mehr","publisher":{"@id":"https:\/\/leckerekekse.de\/wordpress\/#\/schema\/person\/2810405561c2dd9a39e8b0d67212f802"},"potentialAction":[{"@type":"SearchAction","target":{"@type":"EntryPoint","urlTemplate":"https:\/\/leckerekekse.de\/wordpress\/?s={search_term_string}"},"query-input":{"@type":"PropertyValueSpecification","valueRequired":true,"valueName":"search_term_string"}}],"inLanguage":"de"},{"@type":["Person","Organization"],"@id":"https:\/\/leckerekekse.de\/wordpress\/#\/schema\/person\/2810405561c2dd9a39e8b0d67212f802","name":"Astrid","logo":{"@id":"https:\/\/leckerekekse.de\/wordpress\/#\/schema\/person\/image\/"},"sameAs":["https:\/\/leckerekekse.de\/wordpress"]}]}},"_links":{"self":[{"href":"https:\/\/leckerekekse.de\/wordpress\/wp-json\/wp\/v2\/pages\/7630","targetHints":{"allow":["GET"]}}],"collection":[{"href":"https:\/\/leckerekekse.de\/wordpress\/wp-json\/wp\/v2\/pages"}],"about":[{"href":"https:\/\/leckerekekse.de\/wordpress\/wp-json\/wp\/v2\/types\/page"}],"author":[{"embeddable":true,"href":"https:\/\/leckerekekse.de\/wordpress\/wp-json\/wp\/v2\/users\/1"}],"replies":[{"embeddable":true,"href":"https:\/\/leckerekekse.de\/wordpress\/wp-json\/wp\/v2\/comments?post=7630"}],"version-history":[{"count":3,"href":"https:\/\/leckerekekse.de\/wordpress\/wp-json\/wp\/v2\/pages\/7630\/revisions"}],"predecessor-version":[{"id":10919,"href":"https:\/\/leckerekekse.de\/wordpress\/wp-json\/wp\/v2\/pages\/7630\/revisions\/10919"}],"wp:attachment":[{"href":"https:\/\/leckerekekse.de\/wordpress\/wp-json\/wp\/v2\/media?parent=7630"}],"curies":[{"name":"wp","href":"https:\/\/api.w.org\/{rel}","templated":true}]}}