{"id":7637,"date":"2017-02-02T17:01:56","date_gmt":"2017-02-02T16:01:56","guid":{"rendered":"http:\/\/leckerekekse.de\/wordpress\/?page_id=7637"},"modified":"2018-02-18T09:00:29","modified_gmt":"2018-02-18T08:00:29","slug":"10-tipps-tutorials","status":"publish","type":"page","link":"https:\/\/leckerekekse.de\/wordpress\/10-tipps-tutorials\/","title":{"rendered":"10 Tipps\/Tutorials"},"content":{"rendered":"<h3>10 Tipps f\u00fcr&#8230;<\/h3>\n<blockquote class=\"wp-embedded-content\" data-secret=\"jlYYWLCUoY\"><p><a href=\"https:\/\/leckerekekse.de\/wordpress\/10-tipps-fuer-new-york-city\/\">10 Tipps f\u00fcr New York City<\/a><\/p><\/blockquote>\n<p><iframe loading=\"lazy\" title=\"&#8222;10 Tipps f\u00fcr New York City&#8220; &#8212; Leckere Kekse &amp; mehr\" class=\"wp-embedded-content\" sandbox=\"allow-scripts\" security=\"restricted\" style=\"position: absolute; clip: rect(1px, 1px, 1px, 1px);\" src=\"https:\/\/leckerekekse.de\/wordpress\/10-tipps-fuer-new-york-city\/embed\/#?secret=jlYYWLCUoY\" data-secret=\"jlYYWLCUoY\" width=\"600\" height=\"338\" frameborder=\"0\" marginwidth=\"0\" marginheight=\"0\" scrolling=\"no\"><\/iframe><\/p>\n<blockquote class=\"wp-embedded-content\" data-secret=\"ijRQybzCm5\"><p><a href=\"https:\/\/leckerekekse.de\/wordpress\/10-tipps-fuer-einen-trip-nach-amsterdam\/\">10 Tipps f\u00fcr einen Trip nach Amsterdam<\/a><\/p><\/blockquote>\n<p><iframe loading=\"lazy\" title=\"&#8222;10 Tipps f\u00fcr einen Trip nach Amsterdam&#8220; &#8212; Leckere Kekse &amp; mehr\" class=\"wp-embedded-content\" sandbox=\"allow-scripts\" security=\"restricted\" style=\"position: absolute; clip: rect(1px, 1px, 1px, 1px);\" src=\"https:\/\/leckerekekse.de\/wordpress\/10-tipps-fuer-einen-trip-nach-amsterdam\/embed\/#?secret=ijRQybzCm5\" data-secret=\"ijRQybzCm5\" width=\"600\" height=\"338\" frameborder=\"0\" marginwidth=\"0\" marginheight=\"0\" scrolling=\"no\"><\/iframe><\/p>\n<p>&nbsp;<\/p>\n<blockquote class=\"wp-embedded-content\" data-secret=\"kvKIhHRN5w\"><p><a href=\"https:\/\/leckerekekse.de\/wordpress\/8-tipps-fuer-hamburg\/\">8 Tipps f\u00fcr Hamburg<\/a><\/p><\/blockquote>\n<p><iframe loading=\"lazy\" title=\"&#8222;8 Tipps f\u00fcr Hamburg&#8220; &#8212; Leckere Kekse &amp; mehr\" class=\"wp-embedded-content\" sandbox=\"allow-scripts\" security=\"restricted\" style=\"position: absolute; clip: rect(1px, 1px, 1px, 1px);\" src=\"https:\/\/leckerekekse.de\/wordpress\/8-tipps-fuer-hamburg\/embed\/#?secret=kvKIhHRN5w\" data-secret=\"kvKIhHRN5w\" width=\"600\" height=\"338\" frameborder=\"0\" marginwidth=\"0\" marginheight=\"0\" scrolling=\"no\"><\/iframe><\/p>\n<h3>Tutorials<\/h3>\n<blockquote class=\"wp-embedded-content\" data-secret=\"TBDT564HlW\"><p><a href=\"https:\/\/leckerekekse.de\/wordpress\/gefrorene-seifenblasen\/\">Gefrorene Seifenblasen<\/a><\/p><\/blockquote>\n<p><iframe loading=\"lazy\" class=\"wp-embedded-content\" sandbox=\"allow-scripts\" security=\"restricted\" style=\"position: absolute; clip: rect(1px, 1px, 1px, 1px);\" src=\"https:\/\/leckerekekse.de\/wordpress\/gefrorene-seifenblasen\/embed\/#?secret=TBDT564HlW\" data-secret=\"TBDT564HlW\" width=\"600\" height=\"338\" title=\"&#8222;Gefrorene Seifenblasen&#8220; &#8212; Leckere Kekse &amp; mehr\" frameborder=\"0\" marginwidth=\"0\" marginheight=\"0\" scrolling=\"no\"><\/iframe><\/p>\n<blockquote class=\"wp-embedded-content\" data-secret=\"IpV0miQJEs\"><p><a href=\"https:\/\/leckerekekse.de\/wordpress\/feuerwerk-fotografieren\/\">3 Methoden, ein Feuerwerk zu fotografieren<\/a><\/p><\/blockquote>\n<p><iframe loading=\"lazy\" class=\"wp-embedded-content\" sandbox=\"allow-scripts\" security=\"restricted\" style=\"position: absolute; clip: rect(1px, 1px, 1px, 1px);\" src=\"https:\/\/leckerekekse.de\/wordpress\/feuerwerk-fotografieren\/embed\/#?secret=IpV0miQJEs\" data-secret=\"IpV0miQJEs\" width=\"600\" height=\"338\" title=\"&#8222;3 Methoden, ein Feuerwerk zu fotografieren&#8220; &#8212; Leckere Kekse &amp; mehr\" frameborder=\"0\" marginwidth=\"0\" marginheight=\"0\" scrolling=\"no\"><\/iframe><\/p>\n<blockquote class=\"wp-embedded-content\" data-secret=\"102jxSoYJG\"><p><a href=\"https:\/\/leckerekekse.de\/wordpress\/alle-blogbeitraege-verschwunden\/\">Wenn alle Blogbeitr\u00e4ge verschwunden sind<\/a><\/p><\/blockquote>\n<p><iframe loading=\"lazy\" title=\"&#8222;Wenn alle Blogbeitr\u00e4ge verschwunden sind&#8220; &#8212; Leckere Kekse &amp; mehr\" class=\"wp-embedded-content\" sandbox=\"allow-scripts\" security=\"restricted\" style=\"position: absolute; clip: rect(1px, 1px, 1px, 1px);\" src=\"https:\/\/leckerekekse.de\/wordpress\/alle-blogbeitraege-verschwunden\/embed\/#?secret=102jxSoYJG\" data-secret=\"102jxSoYJG\" width=\"600\" height=\"338\" frameborder=\"0\" marginwidth=\"0\" marginheight=\"0\" scrolling=\"no\"><\/iframe><\/p>\n<p>&nbsp;<\/p>\n<blockquote class=\"wp-embedded-content\" data-secret=\"xX8Xn9sivk\"><p><a href=\"https:\/\/leckerekekse.de\/wordpress\/tutorial-horizont-begradigen\/\">Tutorial: Horizont begradigen<\/a><\/p><\/blockquote>\n<p><iframe loading=\"lazy\" title=\"&#8222;Tutorial: Horizont begradigen&#8220; &#8212; Leckere Kekse &amp; mehr\" class=\"wp-embedded-content\" sandbox=\"allow-scripts\" security=\"restricted\" style=\"position: absolute; clip: rect(1px, 1px, 1px, 1px);\" src=\"https:\/\/leckerekekse.de\/wordpress\/tutorial-horizont-begradigen\/embed\/#?secret=xX8Xn9sivk\" data-secret=\"xX8Xn9sivk\" width=\"600\" height=\"338\" frameborder=\"0\" marginwidth=\"0\" marginheight=\"0\" scrolling=\"no\"><\/iframe><\/p>\n<blockquote class=\"wp-embedded-content\" data-secret=\"UcWmkWEqvb\"><p><a href=\"https:\/\/leckerekekse.de\/wordpress\/tutorial-collage-mit-verlinkten-beitraegen\/\">Tutorial: Collage mit verlinkten Beitr\u00e4gen<\/a><\/p><\/blockquote>\n<p><iframe loading=\"lazy\" title=\"&#8222;Tutorial: Collage mit verlinkten Beitr\u00e4gen&#8220; &#8212; Leckere Kekse &amp; mehr\" class=\"wp-embedded-content\" sandbox=\"allow-scripts\" security=\"restricted\" style=\"position: absolute; clip: rect(1px, 1px, 1px, 1px);\" src=\"https:\/\/leckerekekse.de\/wordpress\/tutorial-collage-mit-verlinkten-beitraegen\/embed\/#?secret=UcWmkWEqvb\" data-secret=\"UcWmkWEqvb\" width=\"600\" height=\"338\" frameborder=\"0\" marginwidth=\"0\" marginheight=\"0\" scrolling=\"no\"><\/iframe><\/p>\n<blockquote class=\"wp-embedded-content\" data-secret=\"jGLtQf3o5E\"><p><a href=\"https:\/\/leckerekekse.de\/wordpress\/unheimliche-bilder-fototipps-zu-halloween\/\">Unheimliche Bilder: Fototipps zu Halloween<\/a><\/p><\/blockquote>\n<p><iframe loading=\"lazy\" title=\"&#8222;Unheimliche Bilder: Fototipps zu Halloween&#8220; &#8212; Leckere Kekse &amp; mehr\" class=\"wp-embedded-content\" sandbox=\"allow-scripts\" security=\"restricted\" style=\"position: absolute; clip: rect(1px, 1px, 1px, 1px);\" src=\"https:\/\/leckerekekse.de\/wordpress\/unheimliche-bilder-fototipps-zu-halloween\/embed\/#?secret=jGLtQf3o5E\" data-secret=\"jGLtQf3o5E\" width=\"600\" height=\"338\" frameborder=\"0\" marginwidth=\"0\" marginheight=\"0\" scrolling=\"no\"><\/iframe><\/p>\n<p>&nbsp;<\/p>\n<blockquote class=\"wp-embedded-content\" data-secret=\"HpiNuvjPCU\"><p><a href=\"https:\/\/leckerekekse.de\/wordpress\/datensicherung-bei-selbstgehostetem-wordpress-blog\/\">Datensicherung bei selbstgehostetem WordPress-Blog<\/a><\/p><\/blockquote>\n<p><iframe loading=\"lazy\" title=\"&#8222;Datensicherung bei selbstgehostetem WordPress-Blog&#8220; &#8212; Leckere Kekse &amp; mehr\" class=\"wp-embedded-content\" sandbox=\"allow-scripts\" security=\"restricted\" style=\"position: absolute; clip: rect(1px, 1px, 1px, 1px);\" src=\"https:\/\/leckerekekse.de\/wordpress\/datensicherung-bei-selbstgehostetem-wordpress-blog\/embed\/#?secret=HpiNuvjPCU\" data-secret=\"HpiNuvjPCU\" width=\"600\" height=\"338\" frameborder=\"0\" marginwidth=\"0\" marginheight=\"0\" scrolling=\"no\"><\/iframe><\/p>\n<p>&nbsp;<\/p>\n","protected":false},"excerpt":{"rendered":"<p>10 Tipps f\u00fcr&#8230; 10 Tipps f\u00fcr New York City 10 Tipps f\u00fcr einen Trip nach Amsterdam &nbsp; 8 Tipps f\u00fcr Hamburg Tutorials Gefrorene Seifenblasen 3 Methoden, ein Feuerwerk zu fotografieren Wenn alle Blogbeitr\u00e4ge verschwunden sind &nbsp; Tutorial: Horizont begradigen Tutorial: Collage mit verlinkten Beitr\u00e4gen Unheimliche Bilder: Fototipps zu Halloween &nbsp; Datensicherung bei selbstgehostetem WordPress-Blog &nbsp;<\/p>\n","protected":false},"author":1,"featured_media":0,"parent":0,"menu_order":0,"comment_status":"closed","ping_status":"closed","template":"","meta":{"footnotes":""},"class_list":["post-7637","page","type-page","status-publish","hentry"],"yoast_head":"<!-- This site is optimized with the Yoast SEO plugin v27.3 - https:\/\/yoast.com\/product\/yoast-seo-wordpress\/ -->\n<title>Tipps und Tutorial, die wir f\u00fcr euch interessant sind<\/title>\n<meta name=\"description\" content=\"Hier findet ihr viele Tipps und Tutorials, die f\u00fcr Euch und Eure Blogs interessant sein k\u00f6nnen. Von Reisen, Wordpress und Fotografie ist alles dabei.\" \/>\n<meta name=\"robots\" content=\"index, follow, max-snippet:-1, max-image-preview:large, max-video-preview:-1\" \/>\n<link rel=\"canonical\" href=\"https:\/\/leckerekekse.de\/wordpress\/10-tipps-tutorials\/\" \/>\n<meta property=\"og:locale\" content=\"de_DE\" \/>\n<meta property=\"og:type\" content=\"article\" \/>\n<meta property=\"og:title\" content=\"Tipps und Tutorial, die wir f\u00fcr euch interessant sind\" \/>\n<meta property=\"og:description\" content=\"Hier findet ihr viele Tipps und Tutorials, die f\u00fcr Euch und Eure Blogs interessant sein k\u00f6nnen. Von Reisen, Wordpress und Fotografie ist alles dabei.\" \/>\n<meta property=\"og:url\" content=\"https:\/\/leckerekekse.de\/wordpress\/10-tipps-tutorials\/\" \/>\n<meta property=\"og:site_name\" content=\"Leckere Kekse &amp; mehr\" \/>\n<meta property=\"article:modified_time\" content=\"2018-02-18T08:00:29+00:00\" \/>\n<script type=\"application\/ld+json\" class=\"yoast-schema-graph\">{\"@context\":\"https:\\\/\\\/schema.org\",\"@graph\":[{\"@type\":\"WebPage\",\"@id\":\"https:\\\/\\\/leckerekekse.de\\\/wordpress\\\/10-tipps-tutorials\\\/\",\"url\":\"https:\\\/\\\/leckerekekse.de\\\/wordpress\\\/10-tipps-tutorials\\\/\",\"name\":\"Tipps und Tutorial, die wir f\u00fcr euch interessant sind\",\"isPartOf\":{\"@id\":\"https:\\\/\\\/leckerekekse.de\\\/wordpress\\\/#website\"},\"datePublished\":\"2017-02-02T16:01:56+00:00\",\"dateModified\":\"2018-02-18T08:00:29+00:00\",\"description\":\"Hier findet ihr viele Tipps und Tutorials, die f\u00fcr Euch und Eure Blogs interessant sein k\u00f6nnen. Von Reisen, Wordpress und Fotografie ist alles dabei.\",\"breadcrumb\":{\"@id\":\"https:\\\/\\\/leckerekekse.de\\\/wordpress\\\/10-tipps-tutorials\\\/#breadcrumb\"},\"inLanguage\":\"de\",\"potentialAction\":[{\"@type\":\"ReadAction\",\"target\":[\"https:\\\/\\\/leckerekekse.de\\\/wordpress\\\/10-tipps-tutorials\\\/\"]}]},{\"@type\":\"BreadcrumbList\",\"@id\":\"https:\\\/\\\/leckerekekse.de\\\/wordpress\\\/10-tipps-tutorials\\\/#breadcrumb\",\"itemListElement\":[{\"@type\":\"ListItem\",\"position\":1,\"name\":\"Home\",\"item\":\"https:\\\/\\\/leckerekekse.de\\\/wordpress\\\/\"},{\"@type\":\"ListItem\",\"position\":2,\"name\":\"10 Tipps\\\/Tutorials\"}]},{\"@type\":\"WebSite\",\"@id\":\"https:\\\/\\\/leckerekekse.de\\\/wordpress\\\/#website\",\"url\":\"https:\\\/\\\/leckerekekse.de\\\/wordpress\\\/\",\"name\":\"Leckere Kekse &amp; mehr\",\"description\":\"Kekse backen, B\u00fccher lesen und mehr\",\"publisher\":{\"@id\":\"https:\\\/\\\/leckerekekse.de\\\/wordpress\\\/#\\\/schema\\\/person\\\/6af440c9d4862749d61de24af8c492f0\"},\"potentialAction\":[{\"@type\":\"SearchAction\",\"target\":{\"@type\":\"EntryPoint\",\"urlTemplate\":\"https:\\\/\\\/leckerekekse.de\\\/wordpress\\\/?s={search_term_string}\"},\"query-input\":{\"@type\":\"PropertyValueSpecification\",\"valueRequired\":true,\"valueName\":\"search_term_string\"}}],\"inLanguage\":\"de\"},{\"@type\":[\"Person\",\"Organization\"],\"@id\":\"https:\\\/\\\/leckerekekse.de\\\/wordpress\\\/#\\\/schema\\\/person\\\/6af440c9d4862749d61de24af8c492f0\",\"name\":\"Astrid\",\"logo\":{\"@id\":\"https:\\\/\\\/leckerekekse.de\\\/wordpress\\\/#\\\/schema\\\/person\\\/image\\\/\"},\"sameAs\":[\"https:\\\/\\\/leckerekekse.de\\\/wordpress\"]}]}<\/script>\n<!-- \/ Yoast SEO plugin. -->","yoast_head_json":{"title":"Tipps und Tutorial, die wir f\u00fcr euch interessant sind","description":"Hier findet ihr viele Tipps und Tutorials, die f\u00fcr Euch und Eure Blogs interessant sein k\u00f6nnen. Von Reisen, Wordpress und Fotografie ist alles dabei.","robots":{"index":"index","follow":"follow","max-snippet":"max-snippet:-1","max-image-preview":"max-image-preview:large","max-video-preview":"max-video-preview:-1"},"canonical":"https:\/\/leckerekekse.de\/wordpress\/10-tipps-tutorials\/","og_locale":"de_DE","og_type":"article","og_title":"Tipps und Tutorial, die wir f\u00fcr euch interessant sind","og_description":"Hier findet ihr viele Tipps und Tutorials, die f\u00fcr Euch und Eure Blogs interessant sein k\u00f6nnen. Von Reisen, Wordpress und Fotografie ist alles dabei.","og_url":"https:\/\/leckerekekse.de\/wordpress\/10-tipps-tutorials\/","og_site_name":"Leckere Kekse &amp; mehr","article_modified_time":"2018-02-18T08:00:29+00:00","schema":{"@context":"https:\/\/schema.org","@graph":[{"@type":"WebPage","@id":"https:\/\/leckerekekse.de\/wordpress\/10-tipps-tutorials\/","url":"https:\/\/leckerekekse.de\/wordpress\/10-tipps-tutorials\/","name":"Tipps und Tutorial, die wir f\u00fcr euch interessant sind","isPartOf":{"@id":"https:\/\/leckerekekse.de\/wordpress\/#website"},"datePublished":"2017-02-02T16:01:56+00:00","dateModified":"2018-02-18T08:00:29+00:00","description":"Hier findet ihr viele Tipps und Tutorials, die f\u00fcr Euch und Eure Blogs interessant sein k\u00f6nnen. Von Reisen, Wordpress und Fotografie ist alles dabei.","breadcrumb":{"@id":"https:\/\/leckerekekse.de\/wordpress\/10-tipps-tutorials\/#breadcrumb"},"inLanguage":"de","potentialAction":[{"@type":"ReadAction","target":["https:\/\/leckerekekse.de\/wordpress\/10-tipps-tutorials\/"]}]},{"@type":"BreadcrumbList","@id":"https:\/\/leckerekekse.de\/wordpress\/10-tipps-tutorials\/#breadcrumb","itemListElement":[{"@type":"ListItem","position":1,"name":"Home","item":"https:\/\/leckerekekse.de\/wordpress\/"},{"@type":"ListItem","position":2,"name":"10 Tipps\/Tutorials"}]},{"@type":"WebSite","@id":"https:\/\/leckerekekse.de\/wordpress\/#website","url":"https:\/\/leckerekekse.de\/wordpress\/","name":"Leckere Kekse &amp; mehr","description":"Kekse backen, B\u00fccher lesen und mehr","publisher":{"@id":"https:\/\/leckerekekse.de\/wordpress\/#\/schema\/person\/6af440c9d4862749d61de24af8c492f0"},"potentialAction":[{"@type":"SearchAction","target":{"@type":"EntryPoint","urlTemplate":"https:\/\/leckerekekse.de\/wordpress\/?s={search_term_string}"},"query-input":{"@type":"PropertyValueSpecification","valueRequired":true,"valueName":"search_term_string"}}],"inLanguage":"de"},{"@type":["Person","Organization"],"@id":"https:\/\/leckerekekse.de\/wordpress\/#\/schema\/person\/6af440c9d4862749d61de24af8c492f0","name":"Astrid","logo":{"@id":"https:\/\/leckerekekse.de\/wordpress\/#\/schema\/person\/image\/"},"sameAs":["https:\/\/leckerekekse.de\/wordpress"]}]}},"_links":{"self":[{"href":"https:\/\/leckerekekse.de\/wordpress\/wp-json\/wp\/v2\/pages\/7637","targetHints":{"allow":["GET"]}}],"collection":[{"href":"https:\/\/leckerekekse.de\/wordpress\/wp-json\/wp\/v2\/pages"}],"about":[{"href":"https:\/\/leckerekekse.de\/wordpress\/wp-json\/wp\/v2\/types\/page"}],"author":[{"embeddable":true,"href":"https:\/\/leckerekekse.de\/wordpress\/wp-json\/wp\/v2\/users\/1"}],"replies":[{"embeddable":true,"href":"https:\/\/leckerekekse.de\/wordpress\/wp-json\/wp\/v2\/comments?post=7637"}],"version-history":[{"count":3,"href":"https:\/\/leckerekekse.de\/wordpress\/wp-json\/wp\/v2\/pages\/7637\/revisions"}],"predecessor-version":[{"id":10998,"href":"https:\/\/leckerekekse.de\/wordpress\/wp-json\/wp\/v2\/pages\/7637\/revisions\/10998"}],"wp:attachment":[{"href":"https:\/\/leckerekekse.de\/wordpress\/wp-json\/wp\/v2\/media?parent=7637"}],"curies":[{"name":"wp","href":"https:\/\/api.w.org\/{rel}","templated":true}]}}